275320
In base 12, what is -6 - -41b24b5?
41b24ab
In base 13, what is -349552 + 39?
-349516
In base 4, what is 30 - 1113020322?
-1113020232
In base 10, what is -169511 - 859?
-170370
In base 4, what is -3312212 - 32113?
-10010331
In base 4, what is 1 + 303033013322?
303033013323
In base 11, what is 107 + -44354?
-44248
In base 5, what is 3124 - 113410?
-110231
In base 5, what is 220 - 223340?
-223120
In base 13, what is -1099 + 3b29?
2a60
In base 4, what is -13313320 + 113201?
-13200113
In base 14, what is -23d5700 - -2?
-23d56dc
In base 4, what is 200 + -1023131?
-1022331
In base 16, what is 2 - 37455?
-37453
In base 3, what is -122 + 22010212211000?
22010212210101
In base 14, what is -4062ac9 + -7?
-4062ad2
In base 12, what is -6ba + 5a12b?
59631
In base 2, what is -10101011 - -111010101100010000?
111010101001100101
In base 9, what is -37 - 237842?
-237880
In base 3, what is 1201120 + -11021101020?
-11012122200
In base 14, what is -9 + -65189?
-65194
In base 13, what is -1 - -3a21a7b?
3a21a7a
In base 2, what is 11000100111100 - -11010111010100?
110011100010000
In base 7, what is 55 + -13240133?
-13240045
In base 2, what is -111001101011100110100 - 10001111?
-111001101011111000011
In base 11, what is -493 - 2133?
-2616
In base 6, what is -12 - 1135555540?
-1135555552
In base 15, what is -2bb + 2a34?
2768
In base 10, what is 122051 - -2457?
124508
In base 12, what is 67 - -11ab174?
11ab21b
In base 8, what is -3 + 1130624030?
1130624025
In base 4, what is -102201020 - 333131?
-103200211
In base 4, what is -122312323223 + 32?
-122312323131
In base 5, what is 1 + 21302001304?
21302001310
In base 13, what is -3c4541 - -a9?
-3c4465
In base 7, what is -261335 + 2334?
-256001
In base 7, what is 2545 - -3602542?
3605420
In base 10, what is 161 + 3988?
4149
In base 10, what is -79 + -563859?
-563938
In base 11, what is -1846455 + -11?
-1846466
In base 10, what is -6720 + 36699?
29979
In base 10, what is 13 + 974342?
974355
In base 14, what is -186814 + 123?
-1866d1
In base 8, what is -103064410 + -4?
-103064414
In base 3, what is 21202221202 + -201022?
21202020110
In base 12, what is -2 - 49aa89?
-49aa8b
In base 13, what is a + -6941801?
-69417c4
In base 5, what is 13 + 200331301?
200331314
In base 16, what is 13 - -4b0bd3?
4b0be6
In base 15, what is -59 + -4d8d?
-4de7
In base 7, what is 24256 + 1011?
25300
In base 9, what is 484 - 688325?
-687731
In base 15, what is -47dcd6 + 4c?
-47dc89
In base 8, what is 10020302 - 12?
10020270
In base 6, what is 554 - -4012002?
4013000
In base 14, what is -2241bda7 - 2?
-2241bda9
In base 15, what is 9000 - 19a?
8d55
In base 10, what is 4199 + -2959?
1240
In base 13, what is -10427 - 298?
-106c2
In base 9, what is 434 + 147358?
147803
In base 2, what is 1110101101100 + 1000110011001?
10111100000101
In base 4, what is -20020020332 - 1?
-20020020333
In base 9, what is -4 - -280068773?
280068768
In base 11, what is -60a6 - 736?
-6831
In base 16, what is 66ee - -d25?
7413
In base 7, what is -146130 + -2164?
-151324
In base 5, what is -1301321 - -124432?
-1121334
In base 13, what is -846a + 75b?
-7a0c
In base 10, what is 12640 + 13111?
25751
In base 10, what is 1 - -84308277?
84308278
In base 12, what is 20 + -33a43a?
-33a41a
In base 12, what is -11 - 6761?
-6772
In base 7, what is -20435511 - 2?
-20435513
In base 4, what is 331 - 10303230032?
-10303223101
In base 15, what is a2 + -1121a4?
-112102
In base 11, what is 130a4 + -9165?
4a3a
In base 10, what is -26589 - -1893?
-24696
In base 16, what is 4 - -bc8b04?
bc8b08
In base 6, what is 54 - -34333050?
34333144
In base 5, what is 11 + 2023012321?
2023012332
In base 6, what is 1303101015 + -54?
1303100521
In base 3, what is -2112122012 - -120121?
-2112001121
In base 9, what is -10633 + 15416?
4673
In base 4, what is 3222312001 + -12?
3222311323
In base 11, what is 15 + -1a115a7?
-1a11592
In base 13, what is -1 - 1290712?
-1290713
In base 15, what is 35e6a + -36e?
35aeb
In base 10, what is -9475205 - -6?
-9475199
In base 12, what is 15aaa220 + 2?
15aaa222
In base 4, what is -2012 + -12301012?
-12303030
In base 8, what is -102 + -1376026?
-1376130
In base 12, what is -1a962 + 4792?
-16190
In base 9, what is -3234 - 66604?
-70838
In base 3, what is 102120100 + -2012?
102111011
In base 3, what is -112 - 12201121210012?
-12201121210201
In base 4, what is 1302202 + 1011333?
2320201
In base 16, what is -a7e970 + 4?
-a7e96c
In base 10, what is 4516 + -5836?
-1320
In base 4, what is -1332001 - 21213032?
-23211033
In base 6, what is 3 + 122001305?
122001312
In base 13, what is bc1 - -2b47?
3a38
In base 9, what is 376132 - 1700?
374332
In base 11, what is -10584921 + 8?
-10584914
In base 15, what is 3cb - b500?
-b124
In base 15, what is -6 + 6894de7?
6894de1
In base 15, what is -2cecb + 3c?
-2ce8e
In base 16, what is -122f71 - -6?
-122f6b
In base 14, what is -511 - 66c66?
-67377
In base 4, what is -100020 + -23213220?
-23313300
In base 14, what is -5ba + 14157?
1397b
In base 7, what is -30 + -5200506?
-5200536
In base 4, what is 1331010031230 - -10?
1331010031300
In base 11, what is 651802 + -8?
6517a5
In base 10, what is -3257257 - -233?
-3257024
In base 11, what is -13 + -335a9305?
-335a9318
In base 12, what is -7b0 + a6a?
27a
In base 9, what is 173724 - -26?
173751
In base 9, what is -110426 + 3400?
-106026
In base 6, what is 2321010 - 41543?
2235023
In base 2, what is 11011100111010101 - 10100111011?
11011010010011010
In base 14, what is b6654d - -21?
b66570
In base 6, what is 3 - -15414440245?
15414440252
In base 12, what is 3 - 322290a?
-3222907
In base 14, what is -73 + -c95c0?
-c9653
In base 11, what is 4289972 + a?
4289981
In base 11, what is 1 - 255338?
-255337
In base 4, what is -1102 + 11112323021?
11112321313
In base 11, what is -143 - -50740a?
507277
In base 11, what is -2 + -1270297?
-1270299
In base 10, what is -2 + 218194635?
218194633
In base 6, what is 404 - -455024?
455432
In base 14, what is 47 - 59516?
-594ad
In base 13, what is 4 - 41324716?
-41324712
In base 2, what is 1001 - 1011000111001100000?
-1011000111001010111
In base 9, what is -110 + 467031?
466821
In base 16, what is bc8db + -153?
bc788
In base 2, what is -100011011111001 - 1100110010?
-100101000101011
In base 8, what is 3 + -1040477771?
-1040477766
In base 15, what is a0d - 2482?
-1974
In base 2, what is 111110101111011 + 10101000?
111111000100011
In base 4, what is 110 - -33123001321?
33123002031
In base 12, what is -7b5152 - -5?
-7b5149
In base 13, what is -1 - ab8a31?
-ab8a32
In base 15, what is 34726467 + 3?
3472646a
In base 2, what is 1110101010101110111 - -1?
1110101010101111000
In base 14, what is 4ad6 - -25a5?
729b
In base 16, what is 6c - -def9?
df65
In base 16, what is -2a8c48 - 0?
-2a8c48
In base 11, what is -65266 - 136a?
-66625
In base 10, what is 3 - -3597987?
3597990
In base 10, what is 7 + 5283780?
5283787
In base 13, what is -24 - ba92b?
-ba952
In base 6, what is 12051030321 + -2?
12051030315
In base 16, what is -2d29 - 1164?
-3e8d
In base 6, what is -404243 - 4141?
-412424
In base 5, what is -1444221031143 - -3?
-1444221031140
In base 8, what is 25713343 - 1?
25713342
In base 9, what is -25510 + -106270?
-132780
In base 3, what is -2021 + -101000200211?
-101000210002
In base 3, what is -212120211 - -2022?
-212111112
In base 13, what is -8337 + 13b6?
-6c51
In base 14, what is -1055 + 144ac?
13457
In base 10, what is 645 + 147277?
147922
In base 7, what is -2 - 50450666?
-50451001
In base 8, what is -26133 + 7657?
-16254
In base 12, what is 7 - 120458?
-120451
In base 12, what is -5 - -2b6b8?
2b6b3
In base 9, what is 30731207 + 3?
30731211
In base 6, what is 21 + -125231144?
-125231123
In base 10, what is 640235 + 1689?
641924
In base 4, what is -102333100033 - -11?
-102333100022
In base 3, what is -1212112011 + 200212111?
-1011122200
In base 8, what is 14 + -425006620?
-425006604
In base 2, what is 101010010111110010 - -101?
101010010111110111
In base 9, what is 52304 + 373?
52677
In base 10, what is -496064 - 962?
-497026
In base 13, what is -751b2 + 4a4?
-74a0b
In base 16, what is -1 - 1f6c06?
-1f6c07
In base 9, what is -1041346 - 206?
-1041553
In base 5, what is -11103201 + 421?
-11102230
In base 10, what is 249 + -420555?
-420306
In base 13, what is -529 + c084?
b858
In ba